{"id":356,"date":"2020-12-19T13:01:57","date_gmt":"2020-12-19T12:01:57","guid":{"rendered":"https:\/\/pascaledrea.com\/?page_id=356"},"modified":"2024-10-05T19:06:44","modified_gmt":"2024-10-05T17:06:44","slug":"numerisation","status":"publish","type":"page","link":"https:\/\/pascaledrea.com\/index.php\/numerisation\/","title":{"rendered":"Num\u00e9risations"},"content":{"rendered":"\n<p><strong>Num\u00e9risation<\/strong> <strong>Haute d\u00e9finition<\/strong> de vos<strong> diapositives, n\u00e9gatifs 24X36, documents papiers<\/strong> (jusqu&rsquo;au A4), <strong><a rel=\"noreferrer noopener\" href=\"https:\/\/pascaledrea.com\/index.php\/retouche-photo-infographie\/\" target=\"_blank\">retouche photo<\/a><\/strong> sur demande. Supports num\u00e9riques de restitution: DVD, ou lien de t\u00e9l\u00e9chargement, ou <strong>\u00e0 d\u00e9finir \u00e0 votre convenance<\/strong>. Diaporama au format DVD Vid\u00e9o sur demande.<\/p>\n\n\n\n<ul id=\"block-29c58de9-0161-4b67-9bdf-dbf6236a68b4\" class=\"wp-block-list\">\n<li>&#8211; d\u00e9poussi\u00e9rage syst\u00e9matique des diapositives et n\u00e9gatifs<\/li>\n\n\n\n<li>&#8211; correction colorim\u00e9trique et optimisation des contrastes des vues scann\u00e9es<\/li>\n\n\n\n<li>&#8211; retouche ou restauration sur demande<\/li>\n<\/ul>\n\n\n\n<p>N&rsquo;h\u00e9sitez pas \u00e0 me contacter pour pr\u00e9ciser les d\u00e9tails de votre commande, l&rsquo;adresse de facturation, de livraison et les d\u00e9lais. <\/p>\n\n\n\n<p>S\u00e9lectionnez <strong><big>une prise en charge par commande (obligatoire)<\/big><\/strong>, ensuite le nombre de vues \u00e0 scanner, le report sur DVD de donn\u00e9es si vous choisissez cette option, et les frais de livraison si vous souhaitez la restitution de vos photos et du DVD par colis postal.(France uniquement). Modifiez les quantit\u00e9s souhait\u00e9es (dans votre panier) avant de r\u00e9gler<\/p>\n\n\n\n<figure class=\"wp-block-table\"><table><tbody><tr><td>Produit<\/td><td>Commander (avec ou sans compte paypal)<\/td><\/tr><tr><td>Prise en charge (une seule par commande globale)&nbsp;<strong>obligatoire<\/strong>&nbsp;:<br>15\u20ac:<\/td><td><div class=\"wpsc_product\"><div class=\"wp_cart_button_wrapper\"><form method=\"post\" class=\"wp-cart-button-form\" action=\"\" style=\"display:inline\" onsubmit=\"return ReadForm(this, true);\" ><input type=\"hidden\" id=\"_wpnonce\" name=\"_wpnonce\" value=\"b2f9256779\" \/><input type=\"hidden\" name=\"_wp_http_referer\" value=\"\/index.php\/wp-json\/wp\/v2\/pages\/356\" \/><input type=\"submit\" class=\"wspsc_add_cart_submit\" name=\"wspsc_add_cart_submit\" value=\"Ajouter au panier\" \/><input type=\"hidden\" name=\"wspsc_product\" value=\"Prise en charge\" \/><input type=\"hidden\" name=\"price\" value=\"15.00\" \/><input type=\"hidden\" name=\"shipping\" value=\"0\" \/><input type=\"hidden\" name=\"addcart\" value=\"1\" \/><input type=\"hidden\" name=\"cartLink\" value=\"https:\/\/pascaledrea.com\/wp-json\/wp\/v2\/pages\/356\" \/><input type=\"hidden\" name=\"product_tmp\" value=\"Prise en charge\" \/><input type=\"hidden\" name=\"product_tmp_two\" value=\"Prise en charge\" \/><input type=\"hidden\" name=\"item_number\" value=\"\" \/><div class=\"wpsc_add_cart_response_div\"><\/div><\/form><\/div><\/div><\/td><\/tr><tr><td>Num\u00e9risation (Scann) de diapositive, n\u00e9gatif ou document papier:<br>1\u20ac par vue<\/td><td><div class=\"wpsc_product\"><div class=\"wp_cart_button_wrapper\"><form method=\"post\" class=\"wp-cart-button-form\" action=\"\" style=\"display:inline\" onsubmit=\"return ReadForm(this, true);\" ><input type=\"hidden\" id=\"_wpnonce\" name=\"_wpnonce\" value=\"b2f9256779\" \/><input type=\"hidden\" name=\"_wp_http_referer\" value=\"\/index.php\/wp-json\/wp\/v2\/pages\/356\" \/><input type=\"submit\" class=\"wspsc_add_cart_submit\" name=\"wspsc_add_cart_submit\" value=\"Ajouter au panier\" \/><input type=\"hidden\" name=\"wspsc_product\" value=\"Num\u00e9risation\" \/><input type=\"hidden\" name=\"price\" value=\"1.00\" \/><input type=\"hidden\" name=\"shipping\" value=\"0\" \/><input type=\"hidden\" name=\"addcart\" value=\"1\" \/><input type=\"hidden\" name=\"cartLink\" value=\"https:\/\/pascaledrea.com\/wp-json\/wp\/v2\/pages\/356\" \/><input type=\"hidden\" name=\"product_tmp\" value=\"Num\u00e9risation\" \/><input type=\"hidden\" name=\"product_tmp_two\" value=\"Num&eacute;risation\" \/><input type=\"hidden\" name=\"item_number\" value=\"\" \/><div class=\"wpsc_add_cart_response_div\"><\/div><\/form><\/div><\/div><\/td><\/tr><tr><td>Report sur DVD (sous boitier)<br>3\u20ac\/<\/td><td><div class=\"wpsc_product\"><div class=\"wp_cart_button_wrapper\"><form method=\"post\" class=\"wp-cart-button-form\" action=\"\" style=\"display:inline\" onsubmit=\"return ReadForm(this, true);\" ><input type=\"hidden\" id=\"_wpnonce\" name=\"_wpnonce\" value=\"b2f9256779\" \/><input type=\"hidden\" name=\"_wp_http_referer\" value=\"\/index.php\/wp-json\/wp\/v2\/pages\/356\" \/><input type=\"submit\" class=\"wspsc_add_cart_submit\" name=\"wspsc_add_cart_submit\" value=\"Ajouter au panier\" \/><input type=\"hidden\" name=\"wspsc_product\" value=\"Report sur dvd\" \/><input type=\"hidden\" name=\"price\" value=\"3.00\" \/><input type=\"hidden\" name=\"shipping\" value=\"0\" \/><input type=\"hidden\" name=\"addcart\" value=\"1\" \/><input type=\"hidden\" name=\"cartLink\" value=\"https:\/\/pascaledrea.com\/wp-json\/wp\/v2\/pages\/356\" \/><input type=\"hidden\" name=\"product_tmp\" value=\"Report sur dvd\" \/><input type=\"hidden\" name=\"product_tmp_two\" value=\"Report sur dvd\" \/><input type=\"hidden\" name=\"item_number\" value=\"\" \/><div class=\"wpsc_add_cart_response_div\"><\/div><\/form><\/div><\/div><\/td><\/tr><tr><td>Frais d&rsquo;envoi (France uniquement) 5\u20ac minimum en fonction du poids du colis <\/td><td><div class=\"wpsc_product\"><div class=\"wp_cart_button_wrapper\"><form method=\"post\" class=\"wp-cart-button-form\" action=\"\" style=\"display:inline\" onsubmit=\"return ReadForm(this, true);\" ><input type=\"hidden\" id=\"_wpnonce\" name=\"_wpnonce\" value=\"b2f9256779\" \/><input type=\"hidden\" name=\"_wp_http_referer\" value=\"\/index.php\/wp-json\/wp\/v2\/pages\/356\" \/><input type=\"submit\" class=\"wspsc_add_cart_submit\" name=\"wspsc_add_cart_submit\" value=\"Ajouter au panier\" \/><input type=\"hidden\" name=\"wspsc_product\" value=\"Frais d&#039;envoi\" \/><input type=\"hidden\" name=\"price\" value=\"5.00\" \/><input type=\"hidden\" name=\"shipping\" value=\"0\" \/><input type=\"hidden\" name=\"addcart\" value=\"1\" \/><input type=\"hidden\" name=\"cartLink\" value=\"https:\/\/pascaledrea.com\/wp-json\/wp\/v2\/pages\/356\" \/><input type=\"hidden\" name=\"product_tmp\" value=\"Frais d&#039;envoi\" \/><input type=\"hidden\" name=\"product_tmp_two\" value=\"Frais d&#039;envoi\" \/><input type=\"hidden\" name=\"item_number\" value=\"\" \/><div class=\"wpsc_add_cart_response_div\"><\/div><\/form><\/div><\/div><\/td><\/tr><\/tbody><\/table><\/figure>\n\n\n<div class=\"wpsc_shopping_cart_container\"><\/div>\n\n\n\n<div class=\"wp-block-columns is-layout-flex wp-container-core-columns-is-layout-9d6595d7 wp-block-columns-is-layout-flex\">\n<div class=\"wp-block-column is-layout-flow wp-block-column-is-layout-flow\">\n<div class=\"wp-block-media-text alignwide is-stacked-on-mobile\" style=\"grid-template-columns:25% auto\"><figure class=\"wp-block-media-text__media\"><img loading=\"lazy\" decoding=\"async\" width=\"250\" height=\"250\" src=\"https:\/\/pascaledrea.com\/wp-content\/uploads\/2020\/12\/carre-scan-1.jpg\" alt=\"\" class=\"wp-image-661 size-full\" srcset=\"https:\/\/pascaledrea.com\/wp-content\/uploads\/2020\/12\/carre-scan-1.jpg 250w, https:\/\/pascaledrea.com\/wp-content\/uploads\/2020\/12\/carre-scan-1-150x150.jpg 150w\" sizes=\"auto, (max-width: 250px) 100vw, 250px\" \/><\/figure><div class=\"wp-block-media-text__content\">\n<p style=\"font-size:21px\">Ne laissez plus vos pr\u00e9cieux souvenirs se d\u00e9t\u00e9riorer dans des tiroirs! Sauvegardez vos diapositives, n\u00e9gatifs ou tirages papier<\/p>\n\n\n\n<p><\/p>\n<\/div><\/div>\n<\/div>\n<\/div>\n","protected":false},"excerpt":{"rendered":"<p>Num\u00e9risation Haute d\u00e9finition de vos diapositives, n\u00e9gatifs 24X36, documents papiers (jusqu&rsquo;au A4), retouche photo sur demande. Supports num\u00e9riques de restitution: DVD, ou lien de t\u00e9l\u00e9chargement, ou \u00e0 d\u00e9finir \u00e0 votre convenance. Diaporama au format DVD Vid\u00e9o sur demande. N&rsquo;h\u00e9sitez pas \u00e0 me contacter pour pr\u00e9ciser les d\u00e9tails de votre commande, l&rsquo;adresse de facturation, de livraison [&hellip;]<\/p>\n","protected":false},"author":1,"featured_media":0,"parent":0,"menu_order":0,"comment_status":"closed","ping_status":"closed","template":"","meta":{"footnotes":""},"class_list":["post-356","page","type-page","status-publish","hentry"],"_links":{"self":[{"href":"https:\/\/pascaledrea.com\/index.php\/wp-json\/wp\/v2\/pages\/356","targetHints":{"allow":["GET"]}}],"collection":[{"href":"https:\/\/pascaledrea.com\/index.php\/wp-json\/wp\/v2\/pages"}],"about":[{"href":"https:\/\/pascaledrea.com\/index.php\/wp-json\/wp\/v2\/types\/page"}],"author":[{"embeddable":true,"href":"https:\/\/pascaledrea.com\/index.php\/wp-json\/wp\/v2\/users\/1"}],"replies":[{"embeddable":true,"href":"https:\/\/pascaledrea.com\/index.php\/wp-json\/wp\/v2\/comments?post=356"}],"version-history":[{"count":71,"href":"https:\/\/pascaledrea.com\/index.php\/wp-json\/wp\/v2\/pages\/356\/revisions"}],"predecessor-version":[{"id":1804,"href":"https:\/\/pascaledrea.com\/index.php\/wp-json\/wp\/v2\/pages\/356\/revisions\/1804"}],"wp:attachment":[{"href":"https:\/\/pascaledrea.com\/index.php\/wp-json\/wp\/v2\/media?parent=356"}],"curies":[{"name":"wp","href":"https:\/\/api.w.org\/{rel}","templated":true}]}}