{"id":911,"date":"2021-01-08T13:56:49","date_gmt":"2021-01-08T12:56:49","guid":{"rendered":"https:\/\/pascaledrea.com\/?page_id=911"},"modified":"2024-10-05T19:07:02","modified_gmt":"2024-10-05T17:07:02","slug":"retouche-photo-infographie","status":"publish","type":"page","link":"https:\/\/pascaledrea.com\/index.php\/retouche-photo-infographie\/","title":{"rendered":"Retouche photo"},"content":{"rendered":"\n<figure class=\"wp-block-table\"><table><tbody><tr><td><strong>Produit<font size=\"1\">(quantit\u00e9s modifiables dans votre panier)<\/font><\/strong><\/td><td><strong>Paypal<\/strong> <font size=\"1\">(avec ou sans compte paypal)<\/font><\/td><td><\/td><\/tr><tr><td>Prise en charge <strong>obligatoire <\/strong>(1 par commande) 15\u20ac<\/td><td><div class=\"wpsc_product\"><div class=\"wp_cart_button_wrapper\"><form method=\"post\" class=\"wp-cart-button-form\" action=\"\" style=\"display:inline\" onsubmit=\"return ReadForm(this, true);\" ><input type=\"hidden\" id=\"_wpnonce\" name=\"_wpnonce\" value=\"1860cb367b\" \/><input type=\"hidden\" name=\"_wp_http_referer\" value=\"\/index.php\/wp-json\/wp\/v2\/pages\/911\" \/><input type=\"submit\" class=\"wspsc_add_cart_submit\" name=\"wspsc_add_cart_submit\" value=\"Ajouter au panier\" \/><input type=\"hidden\" name=\"wspsc_product\" value=\"prise en charge\" \/><input type=\"hidden\" name=\"price\" value=\"15.00\" \/><input type=\"hidden\" name=\"shipping\" value=\"0\" \/><input type=\"hidden\" name=\"addcart\" value=\"1\" \/><input type=\"hidden\" name=\"cartLink\" value=\"https:\/\/pascaledrea.com\/wp-json\/wp\/v2\/pages\/911\" \/><input type=\"hidden\" name=\"product_tmp\" value=\"prise en charge\" \/><input type=\"hidden\" name=\"product_tmp_two\" value=\"prise en charge\" \/><input type=\"hidden\" name=\"item_number\" value=\"\" \/><div class=\"wpsc_add_cart_response_div\"><\/div><\/form><\/div><\/div><\/td><td><\/td><\/tr><tr><td>Num\u00e9risation (Scann) de diapositive, n\u00e9gatif ou document papier avant la retouche: <br>1\u20ac par vue<\/td><td><div class=\"wpsc_product\"><div class=\"wp_cart_button_wrapper\"><form method=\"post\" class=\"wp-cart-button-form\" action=\"\" style=\"display:inline\" onsubmit=\"return ReadForm(this, true);\" ><input type=\"hidden\" id=\"_wpnonce\" name=\"_wpnonce\" value=\"1860cb367b\" \/><input type=\"hidden\" name=\"_wp_http_referer\" value=\"\/index.php\/wp-json\/wp\/v2\/pages\/911\" \/><input type=\"submit\" class=\"wspsc_add_cart_submit\" name=\"wspsc_add_cart_submit\" value=\"Ajouter au panier\" \/><input type=\"hidden\" name=\"wspsc_product\" value=\"Num\u00e9risation\" \/><input type=\"hidden\" name=\"price\" value=\"1.00\" \/><input type=\"hidden\" name=\"shipping\" value=\"0\" \/><input type=\"hidden\" name=\"addcart\" value=\"1\" \/><input type=\"hidden\" name=\"cartLink\" value=\"https:\/\/pascaledrea.com\/wp-json\/wp\/v2\/pages\/911\" \/><input type=\"hidden\" name=\"product_tmp\" value=\"Num\u00e9risation\" \/><input type=\"hidden\" name=\"product_tmp_two\" value=\"Num&eacute;risation\" \/><input type=\"hidden\" name=\"item_number\" value=\"\" \/><div class=\"wpsc_add_cart_response_div\"><\/div><\/form><\/div><\/div><\/td><td><\/td><\/tr><tr><td>Report sur DVD (sous boitier) <br>3\u20ac\/<\/td><td><div class=\"wpsc_product\"><div class=\"wp_cart_button_wrapper\"><form method=\"post\" class=\"wp-cart-button-form\" action=\"\" style=\"display:inline\" onsubmit=\"return ReadForm(this, true);\" ><input type=\"hidden\" id=\"_wpnonce\" name=\"_wpnonce\" value=\"1860cb367b\" \/><input type=\"hidden\" name=\"_wp_http_referer\" value=\"\/index.php\/wp-json\/wp\/v2\/pages\/911\" \/><input type=\"submit\" class=\"wspsc_add_cart_submit\" name=\"wspsc_add_cart_submit\" value=\"Ajouter au panier\" \/><input type=\"hidden\" name=\"wspsc_product\" value=\"Report DVD\" \/><input type=\"hidden\" name=\"price\" value=\"3.00\" \/><input type=\"hidden\" name=\"shipping\" value=\"0\" \/><input type=\"hidden\" name=\"addcart\" value=\"1\" \/><input type=\"hidden\" name=\"cartLink\" value=\"https:\/\/pascaledrea.com\/wp-json\/wp\/v2\/pages\/911\" \/><input type=\"hidden\" name=\"product_tmp\" value=\"Report DVD\" \/><input type=\"hidden\" name=\"product_tmp_two\" value=\"Report DVD\" \/><input type=\"hidden\" name=\"item_number\" value=\"\" \/><div class=\"wpsc_add_cart_response_div\"><\/div><\/form><\/div><\/div><\/td><td><\/td><\/tr><tr><td>Forfait Frais d&rsquo;envoi (France uniquement) 5\u20ac<\/td><td><div class=\"wpsc_product\"><div class=\"wp_cart_button_wrapper\"><form method=\"post\" class=\"wp-cart-button-form\" action=\"\" style=\"display:inline\" onsubmit=\"return ReadForm(this, true);\" ><input type=\"hidden\" id=\"_wpnonce\" name=\"_wpnonce\" value=\"1860cb367b\" \/><input type=\"hidden\" name=\"_wp_http_referer\" value=\"\/index.php\/wp-json\/wp\/v2\/pages\/911\" \/><input type=\"submit\" class=\"wspsc_add_cart_submit\" name=\"wspsc_add_cart_submit\" value=\"Ajouter au panier\" \/><input type=\"hidden\" name=\"wspsc_product\" value=\"Frais d&#039;envoi\" \/><input type=\"hidden\" name=\"price\" value=\"5.00\" \/><input type=\"hidden\" name=\"shipping\" value=\"0\" \/><input type=\"hidden\" name=\"addcart\" value=\"1\" \/><input type=\"hidden\" name=\"cartLink\" value=\"https:\/\/pascaledrea.com\/wp-json\/wp\/v2\/pages\/911\" \/><input type=\"hidden\" name=\"product_tmp\" value=\"Frais d&#039;envoi\" \/><input type=\"hidden\" name=\"product_tmp_two\" value=\"Frais d&#039;envoi\" \/><input type=\"hidden\" name=\"item_number\" value=\"\" \/><div class=\"wpsc_add_cart_response_div\"><\/div><\/form><\/div><\/div><\/td><td><\/td><\/tr><tr><td><strong>Retouche photo  ou correction colorim\u00e9trique<\/strong> <\/td><td><strong>Contactez-moi pour \u00e9valuer l&rsquo;importance des travaux<\/strong> et obtenir un devis<\/td><td><\/td><\/tr><tr><td>Retouche photo ou correction colorim\u00e9trique (l\u00e9g\u00e8re) 30\u20ac<\/td><td><div class=\"wpsc_product\"><div class=\"wp_cart_button_wrapper\"><form method=\"post\" class=\"wp-cart-button-form\" action=\"\" style=\"display:inline\" onsubmit=\"return ReadForm(this, true);\" ><input type=\"hidden\" id=\"_wpnonce\" name=\"_wpnonce\" value=\"1860cb367b\" \/><input type=\"hidden\" name=\"_wp_http_referer\" value=\"\/index.php\/wp-json\/wp\/v2\/pages\/911\" \/><input type=\"submit\" class=\"wspsc_add_cart_submit\" name=\"wspsc_add_cart_submit\" value=\"Ajouter au panier\" \/><input type=\"hidden\" name=\"wspsc_product\" value=\"retouche l\u00e9g\u00e9re\" \/><input type=\"hidden\" name=\"price\" value=\"30.00\" \/><input type=\"hidden\" name=\"shipping\" value=\"0\" \/><input type=\"hidden\" name=\"addcart\" value=\"1\" \/><input type=\"hidden\" name=\"cartLink\" value=\"https:\/\/pascaledrea.com\/wp-json\/wp\/v2\/pages\/911\" \/><input type=\"hidden\" name=\"product_tmp\" value=\"retouche l\u00e9g\u00e9re\" \/><input type=\"hidden\" name=\"product_tmp_two\" value=\"retouche l&eacute;g&eacute;re\" \/><input type=\"hidden\" name=\"item_number\" value=\"\" \/><div class=\"wpsc_add_cart_response_div\"><\/div><\/form><\/div><\/div><\/td><td><\/td><\/tr><tr><td>Retouche photo ou correction colorim\u00e9trique (importante) 50\u20ac<\/td><td><div class=\"wpsc_product\"><div class=\"wp_cart_button_wrapper\"><form method=\"post\" class=\"wp-cart-button-form\" action=\"\" style=\"display:inline\" onsubmit=\"return ReadForm(this, true);\" ><input type=\"hidden\" id=\"_wpnonce\" name=\"_wpnonce\" value=\"1860cb367b\" \/><input type=\"hidden\" name=\"_wp_http_referer\" value=\"\/index.php\/wp-json\/wp\/v2\/pages\/911\" \/><input type=\"submit\" class=\"wspsc_add_cart_submit\" name=\"wspsc_add_cart_submit\" value=\"Ajouter au panier\" \/><input type=\"hidden\" name=\"wspsc_product\" value=\"retouche importante\" \/><input type=\"hidden\" name=\"price\" value=\"50.00\" \/><input type=\"hidden\" name=\"shipping\" value=\"0\" \/><input type=\"hidden\" name=\"addcart\" value=\"1\" \/><input type=\"hidden\" name=\"cartLink\" value=\"https:\/\/pascaledrea.com\/wp-json\/wp\/v2\/pages\/911\" \/><input type=\"hidden\" name=\"product_tmp\" value=\"retouche importante\" \/><input type=\"hidden\" name=\"product_tmp_two\" value=\"retouche importante\" \/><input type=\"hidden\" name=\"item_number\" value=\"\" \/><div class=\"wpsc_add_cart_response_div\"><\/div><\/form><\/div><\/div><\/td><td><\/td><\/tr><tr><td>Compositing photoshop 20\u20ac\/heure<\/td><td><div class=\"wpsc_product\"><div class=\"wp_cart_button_wrapper\"><form method=\"post\" class=\"wp-cart-button-form\" action=\"\" style=\"display:inline\" onsubmit=\"return ReadForm(this, true);\" ><input type=\"hidden\" id=\"_wpnonce\" name=\"_wpnonce\" value=\"1860cb367b\" \/><input type=\"hidden\" name=\"_wp_http_referer\" value=\"\/index.php\/wp-json\/wp\/v2\/pages\/911\" \/><input type=\"submit\" class=\"wspsc_add_cart_submit\" name=\"wspsc_add_cart_submit\" value=\"Ajouter au panier\" \/><input type=\"hidden\" name=\"wspsc_product\" value=\"retouche importante\" \/><input type=\"hidden\" name=\"price\" value=\"20.00\" \/><input type=\"hidden\" name=\"shipping\" value=\"0\" \/><input type=\"hidden\" name=\"addcart\" value=\"1\" \/><input type=\"hidden\" name=\"cartLink\" value=\"https:\/\/pascaledrea.com\/wp-json\/wp\/v2\/pages\/911\" \/><input type=\"hidden\" name=\"product_tmp\" value=\"retouche importante\" \/><input type=\"hidden\" name=\"product_tmp_two\" value=\"retouche importante\" \/><input type=\"hidden\" name=\"item_number\" value=\"\" \/><div class=\"wpsc_add_cart_response_div\"><\/div><\/form><\/div><\/div><\/td><td><\/td><\/tr><\/tbody><\/table><figcaption class=\"wp-element-caption\">S\u00e9lectionnez une prise en charge par commande (obligatoire), le nombre de vues \u00e0 scanner, la fourniture si vous choisissez un report sur DVD, et les frais de livraison si vous souhaitez la restitution de vos photos et du DVD par colis postal.(France uniquement). Votre panier apparaitra ci dessous<\/figcaption><\/figure>\n\n\n<div class=\"wpsc_shopping_cart_container\"><\/div>\n","protected":false},"excerpt":{"rendered":"<p>Produit(quantit\u00e9s modifiables dans votre panier) Paypal (avec ou sans compte paypal) Prise en charge obligatoire (1 par commande) 15\u20ac Num\u00e9risation (Scann) de diapositive, n\u00e9gatif ou document papier avant la retouche: 1\u20ac par vue Report sur DVD (sous boitier) 3\u20ac\/ Forfait Frais d&rsquo;envoi (France uniquement) 5\u20ac Retouche photo ou correction colorim\u00e9trique Contactez-moi pour \u00e9valuer l&rsquo;importance des [&hellip;]<\/p>\n","protected":false},"author":1,"featured_media":0,"parent":0,"menu_order":0,"comment_status":"closed","ping_status":"closed","template":"","meta":{"footnotes":""},"class_list":["post-911","page","type-page","status-publish","hentry"],"_links":{"self":[{"href":"https:\/\/pascaledrea.com\/index.php\/wp-json\/wp\/v2\/pages\/911","targetHints":{"allow":["GET"]}}],"collection":[{"href":"https:\/\/pascaledrea.com\/index.php\/wp-json\/wp\/v2\/pages"}],"about":[{"href":"https:\/\/pascaledrea.com\/index.php\/wp-json\/wp\/v2\/types\/page"}],"author":[{"embeddable":true,"href":"https:\/\/pascaledrea.com\/index.php\/wp-json\/wp\/v2\/users\/1"}],"replies":[{"embeddable":true,"href":"https:\/\/pascaledrea.com\/index.php\/wp-json\/wp\/v2\/comments?post=911"}],"version-history":[{"count":31,"href":"https:\/\/pascaledrea.com\/index.php\/wp-json\/wp\/v2\/pages\/911\/revisions"}],"predecessor-version":[{"id":1805,"href":"https:\/\/pascaledrea.com\/index.php\/wp-json\/wp\/v2\/pages\/911\/revisions\/1805"}],"wp:attachment":[{"href":"https:\/\/pascaledrea.com\/index.php\/wp-json\/wp\/v2\/media?parent=911"}],"curies":[{"name":"wp","href":"https:\/\/api.w.org\/{rel}","templated":true}]}}